d?
18
Suppose 2*v + 52 = -4*h, -3*v - 6 = h + 17. Let f be -1*0/1 - h. Calculate the greatest common factor of f and 22.
11
Suppose 0 = -4*g + 4 + 12. Suppose 0 = -5*m - j - g + 13, 5*m = 3*j + 13. Let p = m + 9. What is the greatest common divisor of 1 and p?
1
Suppose -5*v + 6 = -14. Let w be (-42)/(-9) + 4/(-6). Calculate the highest common divisor of w and v.
4
Suppose -4*d = -3*d - 5*h - 27, -3*d - 3*h + 171 = 0. Calculate the highest common factor of d and 416.
52
Suppose 4*h = 8, -417 - 37 = -5*j - 2*h. Calculate the highest common factor of j and 60.
30
Suppose 12 = 10*v - 4*v. What is the greatest common divisor of 16 and v?
2
Let z be (-16 + 4)/((-3)/8). Suppose 3*n - 37 = -5*k, -k - 6 = -4*n + k. What is the highest common factor of z and n?
4
Let p be (-1)/1*-6*2. Let g be 0 - (336/(-2))/2. Calculate the highest common factor of g and p.
12
Let o = 44 + -14. Suppose 0*h + 21 = 2*x - h, x + h = 9. What is the greatest common factor of x and o?
10
Let m(f) = -f**3 - f**2 + 2. Let t be m(0). Let z = 120 - 118. What is the highest common factor of t and z?
2
Let v = -6 - -60. Suppose 0*b = b - v. Calculate the greatest common factor of b and 6.
6
Let m = -3 + 1. Let t be 434/6 + m/6. Calculate the greatest common factor of 18 and t.
18
Let d = -6 + 3. Let j be -7*(3 + -7 - d). What is the greatest common divisor of 1 and j?
1
Suppose -4*r = -8, 3*h = -0*h + 3*r + 21. Calculate the greatest common factor of 18 and h.
9
Let h be (1*(-2 + 3))/((-5)/(-240)). What is the greatest common factor of 6 and h?
6
Let c(o) = 1 + 0*o**2 + o**2 + 2*o + 0*o**2 + 0*o**2. Let x be c(-9). What is the greatest common divisor of x and 16?
16
Let a(x) = -2*x + 8. Let c be (9 - 6)*8/(-3). Let u be a(c). What is the greatest common divisor of u and 24?
24
Suppose 0 = -5*h + 4*i + 46, 3*i + 7 = h - 0*i. Suppose 0*b + q + 158 = 4*b, 4 = 2*q. Calculate the highest common factor of b and h.
10
Suppose -4*o + 2*o + 30 = -2*h, 40 = 4*o + h. Suppose 0 = 2*t - 6. Suppose -v - t = -58. Calculate the highest common divisor of v and o.
11
Let o(t) = t**3 + 19*t**2 - 45*t - 7. Let x be o(-21). What is the highest common divisor of 616 and x?
56
Let p be (2 + -1)*(-6)/(-3). Let n = -1 - 5. Let z be n/21 - (-228)/14. What is the highest common factor of p and z?
2
Let b(u) = u**2 + 3*u - 3. Let n be b(-3). Let p be (n/(-2))/(18/336). What is the greatest common factor of 28 and p?
28
Suppose 5*i + 21 = 71. Calculate the greatest common factor of 30 and i.
10
Suppose 3*l - 2*l = 215. Suppose -719 = 8*c - 3*c + b, 4*c + 588 = -4*b. Let j = l + c. What is the greatest common divisor of j and 18?
18
Let o(h) = h - 6. Let w be o(9). Suppose -5*l + 20 = w*a + 2*a, l = -3*a + 10. Let b be 2/(l - (-27)/(-33)). What is the greatest common factor of 33 and b?
11
Let q = 3 + -3. Suppose 2*f - 4*f + 230 = q. Let b = f - -20. What is the greatest common divisor of b and 15?
15
Let q be (32/(-12))/((-8)/12). Suppose 0 = -0*p - 3*p + 336. Suppose d = 5*d - p. Calculate the greatest common factor of d and q.
4
Suppose -2*y - 2 - 2 = 0. Let h be 1 + (2 - 1) + y. Suppose r + h*r = 30. What is the greatest common factor of r and 10?
10
Suppose o + 0*t = t - 6, 3*o + t + 2 = 0. Let c be 27 - (6 + o) - 2. Calculate the highest common divisor of c and 7.
7
Suppose 28 = 6*q - 116. What is the highest common divisor of 16 and q?
8
Let l = -9 - -19. Let s = l + -6. What is the greatest common divisor of 44 and s?
4
Let z = -7 + 7. Suppose 3*q + z*q = 36. Calculate the highest common divisor of 84 and q.
12
Let p(g) = g - 1. Let o be p(-1). Let y be ((-25)/15)/(o/6). Let t be 1 + 5/((-15)/(-72)). What is the highest common factor of t and y?
5
Let w(b) = 2*b + b - 3*b - 1 - 3*b**2 + b**3 + b. Let f be w(4). Calculate the greatest common divisor of 19 and f.
19
Let f be (-28)/3*21/(-14). Calculate the greatest common factor of f and 35.
7
Suppose m + 4*m - 380 = 0. What is the greatest common divisor of 19 and m?
19
Suppose 0 = d - 2*d + 5. Suppose 2*y = y + 90. Suppose -5*z = 3*c - c - 225, 2*z - 2*c = y. What is the greatest common factor of z and d?
5
Let z(w) = -1 + w + 9 - 2. Let p = 9 - 14. Let r be z(p). What is the greatest common divisor of r and 2?
1
Suppose r + 25 = 2*r. What is the highest common factor of r and 5?
5
Let v(z) = z**3 - 16*z**2 + 16*z - 10. Let d be v(15). Suppose 0 = -x + 2*b + 27, 2*x - x - 28 = 3*b. Calculate the highest common divisor of x and d.
5
Suppose 0 = -2*f + 2*z + 72, -3*f - z + 84 = 4*z. Let o = -80 - -91. Calculate the greatest common divisor of o and f.
11
Let k = 20 + -35. Let h = -2 - k. Calculate the highest common divisor of h and 117.
13
Let j = 10 + -14. Let g = 39 + j. Suppose -12 = -2*o + b, -5 + 11 = 3*b. What is the highest common divisor of g and o?
7
Let h(d) = 13*d - 17. Let v(c) = -7*c + 9. Let i(r) = 6*h(r) + 11*v(r). Let j be i(8). Calculate the greatest common factor of j and 25.
5
Let w = 7 + -1. Suppose 2*p + 0*p - w = 0. Calculate the highest common divisor of p and 6.
3
Let r be (-3 - -2)*(-3)/1. Let h be 0 + r/1 + 2. What is the highest common divisor of 55 and h?
5
Let a = 34 - 16. Suppose -2*k = -3 - 1. What is the greatest common factor of k and a?
2
Let x(y) = y - 3. Let j(u) = u - 4. Let s(w) = -5*j(w) + 7*x(w). Let p be s(6). Let h = 39 - -16. Calculate the greatest common divisor of p and h.
11
Let q(z) = z**2 + 6*z + 6. Let g be q(-6). Suppose 0*f - 25 = 5*f. Let h(k) = -k**2 - 8*k - 11. Let y be h(f). Calculate the greatest common divisor of g and y.
2
Suppose 10*x = 9*x + 2*l + 4, 0 = -2*x - l + 18. What is the greatest common factor of x and 20?
4
Suppose -3*c = -5*w - 43, 4*c - 3*w - 46 = -2*w. Calculate the greatest common factor of 99 and c.
11
Let a be (4 - 8) + 7 + 1. Calculate the highest common divisor of a and 2.
2
Let i = -4 - -10. Let c = 18 - -36. What is the highest common factor of c and i?
6
Let u = 6 + -5. Let i = 8 + u. Calculate the greatest common factor of 45 and i.
9
Suppose 0 = -5*q + 761 - 11. Suppose -4*m - 5*p = -3*p - q, -45 = -m - 3*p. What is the greatest common divisor of 54 and m?
18
Suppose 109 = 5*r + 4*z - 259, 2*r + 5*z - 154 = 0. What is the greatest common divisor of 24 and r?
24
Let z(v) = v**3 + 6*v**2 - 9*v - 3. Let o be z(-7). Let b be 46/o + 6/(-33). Calculate the greatest common divisor of 10 and b.
2
Suppose -o = v - 33, 5*v + 38 + 56 = 2*o. Suppose -26 - o = -4*x + 5*w, 5*w + 80 = 5*x. Let t = -55 - -106. Calculate the highest common factor of x and t.
17
Let b = 41 - 35. Suppose -5*v + 14 = -0*h + h, -4*v = 2*h - 10. What is the highest common divisor of v and b?
3
Let o = -1 - -1. Suppose 60 = 4*p - p + i, o = -p + 4*i + 7. Calculate the greatest common factor of 76 and p.
19
Let k be 4 + -4 - (-6 + 0). Let w = k + 23. Suppose 0 = 5*j + 15, 2*g = -3*g + 3*j + w. What is the highest common divisor of g and 40?
4
Suppose 0 = -z + 2*z - 4. Suppose -t = y - 5, z*y + 3*t - 15 = 2*y. Suppose -3*l + 30 + 6 = y. Calculate the greatest common factor of l and 12.
12
Let y be 0 + (0 + -3)/(-6)*42. What is the greatest common divisor of y and 3?
3
Let h = 49 + -46. What is the highest common divisor of 12 and h?
3
Let s = -38 - -70. What is the greatest common divisor of 8 and s?
8
Suppose 8 = -j - 3*j. Let w = 3 - j. Suppose -w*h + 87 = -353. What is the highest common divisor of 11 and h?
11
Let n = -4 + 18. Calculate the greatest common divisor of n and 70.
14
Let p = -3 + 14. Calculate the greatest common divisor of p and 11.
11
Let y be 165 - (-10 + 5)*1. What is the highest common divisor of 34 and y?
34
Suppose -56 - 44 = -a. Suppose 45 = 3*z - 15. Calculate the highest common factor of z and a.
20
Let v(p) be the second derivative of p**4/12 - p**3/3 - 2*p**2 - 3*p. Suppose -26 = -4*c - 6. Let h be v(c). What is the greatest common divisor of 77 and h?
11
Let y(h) = 4*h - 25. Let b be y(10). What is the highest common factor of b and 6?
3
Let h be (45/(-10))/(6/(-16)). Let q be (-1)/(((-2)/(-216))/(-1)). Calculate the greatest common factor of q and h.
12
Let b(j) = 4*j - 11. Let f be b(8). What is the highest common factor of f and 63?
21
Let a = 59 + -4. Suppose 9 = 3*s - 3. Suppose 3*i + s*t = 80 - 18, -5*i = 5*t - 105. What is the highest common divisor of a and i?
11
Suppos